is the highest common factor of 5625 and 774?
9
What is the greatest common factor of 5780 and 2754?
34
What is the highest common factor of 544 and 624?
16
Calculate the greatest common factor of 990 and 295.
5
What is the highest common divisor of 70 and 247670?
10
What is the greatest common factor of 684 and 6536?
76
Calculate the greatest common divisor of 19390 and 6648.
554
What is the greatest common factor of 125 and 2775?
25
Calculate the greatest common factor of 7682717 and 518.
259
What is the highest common factor of 11916471 and 21?
21
Calculate the greatest common factor of 15163 and 35723.
257
Calculate the highest common factor of 18330 and 624.
78
What is the highest common factor of 57816 and 26718?
438
What is the highest common factor of 950 and 82175?
475
Calculate the greatest common divisor of 324 and 9558.
162
What is the greatest common factor of 882 and 31206?
42
What is the highest common divisor of 14 and 3974257?
7
Calculate the highest common divisor of 287 and 10660.
41
Calculate the highest common divisor of 25573 and 60990.
107
Calculate the greatest common divisor of 2080 and 2561.
13
What is the highest common factor of 672 and 11334?
6
What is the greatest common factor of 15750 and 84210?
210
What is the highest common divisor of 5033 and 3?
1
What is the highest common factor of 4340 and 476?
28
Calculate the highest common factor of 187 and 1903.
11
What is the highest common factor of 722 and 664?
2
Calculate the highest common divisor of 3392 and 568.
8
Calculate the highest common factor of 1820 and 80220.
140
Calculate the greatest common factor of 96720 and 650.
130
Calculate the highest common divisor of 91500 and 12.
12
Calculate the greatest common divisor of 8096 and 3289.
253
What is the highest common factor of 2576 and 209461?
161
What is the highest common factor of 140 and 1953812?
28
What is the highest common divisor of 274614 and 1258?
74
What is the greatest common factor of 41 and 226484?
41
Calculate the greatest common divisor of 943954 and 856.
214
What is the greatest common divisor of 112 and 177800?
56
Calculate the highest common divisor of 14310 and 165.
15
Calculate the greatest common divisor of 33 and 1274856.
33
What is the greatest common factor of 975 and 945?
15
Calculate the highest common factor of 96 and 174.
6
What is the highest common divisor of 8503 and 11?
11
What is the highest common divisor of 11362 and 138?
46
What is the greatest common factor of 180768 and 21?
21
What is the greatest common divisor of 15 and 24945?
15
Calculate the highest common divisor of 27 and 1737.
9
What is the highest common factor of 2124 and 46964?
236
What is the highest common factor of 62 and 1829?
31
What is the greatest common factor of 270 and 318150?
90
What is the highest common factor of 81763 and 154?
11
What is the greatest common divisor of 40 and 136540?
20
Calculate the highest common factor of 56376 and 1080.
216
Calculate the greatest common divisor of 900 and 11871.
9
Calculate the greatest common divisor of 928 and 177828.
116
What is the highest common divisor of 920 and 433780?
460
What is the highest common divisor of 112301 and 3843?
427
What is the highest common factor of 1872 and 21645?
117
What is the greatest common factor of 615 and 101721?
123
Calculate the greatest common factor of 2001 and 40281.
87
Calculate the highest common factor of 320925 and 165.
165
What is the greatest common divisor of 938598 and 12?
6
Calculate the greatest common factor of 1023 and 924.
33
Calculate the highest common divisor of 644 and 8456.
28
Calculate the greatest common factor of 86 and 8156.
2
What is the highest common divisor of 308 and 189805?
77
Calculate the highest common divisor of 77 and 50456.
7
What is the greatest common divisor of 1043137 and 43?
43
What is the greatest common factor of 4195 and 5513069?
839
What is the highest common factor of 259237 and 99?
11
What is the highest common factor of 20 and 22030?
10
What is the greatest common factor of 3 and 33483?
3
What is the highest common divisor of 14455 and 343?
49
What is the highest common factor of 38147 and 74?
37
What is the highest common factor of 454566 and 8058?
474
What is the greatest common divisor of 31035 and 45?
15
What is the highest common divisor of 389759 and 303?
101
Calculate the greatest common factor of 3267 and 231.
33
What is the highest common divisor of 901922 and 3542?
322
Calculate the greatest common factor of 730639 and 9555.
637
Calculate the highest common factor of 480408 and 3552.
888
What is the highest common divisor of 25067 and 112?
7
What is the highest common factor of 1274 and 325?
13
Calculate the highest common factor of 60 and 19290.
30
What is the highest common divisor of 1526067 and 7830?
783
What is the highest common factor of 1920 and 9465?
15
What is the greatest common divisor of 371152 and 560?
16
Calculate the highest common factor of 159318 and 27.
9
What is the highest common factor of 14 and 615650?
14
Calculate the greatest common divisor of 722 and 1395626.
722
Calculate the highest common divisor of 2238 and 4546870.
746
Calculate the greatest common divisor of 36 and 58668.
12
What is the highest common divisor of 38776 and 5032?
296
What is the greatest common divisor of 119448 and 144?
72
Calculate the highest common factor of 208 and 2512.
16
What is the greatest common divisor of 3474 and 23932?
386
Calculate the greatest common factor of 1344 and 98496.
192
What is the highest common factor of 1444 and 4047?
19
Calculate the highest common divisor of 3950 and 72206.
158
What is the greatest common factor of 19641 and 9?
3
Calculate the highest common divisor of 186 and 63209.
31
What is the highest common factor of 590604 and 2?
2
Calculate the highest common divisor of 47096 and 4536.
56
Calculate the greatest common divisor of 590796 and 18.
18
Calculate the highest common divisor of 102 and 186116.
34
What is the greatest common divisor of 488 and 8662?
122
Calculate the highest common divisor of 197100 and 204.
12
What is the greatest common factor of 43420 and 520?
260
What is the greatest common factor of 271691 and 1036?
259
What is the highest common factor of 800 and 103600?
400
Calculate the highest common factor of 32926695 and 15.
15
What is the greatest common divisor of 68904 and 3888?
216
What is the highest common factor of 10385 and 2635?
155
What is the greatest common divisor of 474 and 43450?
158
Calculate the greatest common divisor of 66 and 6644.
22
What is the greatest common factor of 72 and 801864?
72
Calculate the greatest common factor of 12 and 69172.
4
What is the highest common divisor of 210 and 5370?
30
What is the highest common divisor of 273 and 25753?
91
Calculate the greatest common factor of 25839 and 486.
81
Calculate the greatest common factor of 397268 and 6.
2
Calculate the highest common factor of 16875 and 1080.
135
What is the highest common divisor of 232 and 199259?
29
What is the highest common divisor of 143553 and 327?
327
What is the greatest common factor of 32 and 18184?
8
What is the greatest common factor of 1700 and 4550?
50
Calculate the highest common divisor of 9020 and 308935.
2255
Calculate the greatest common factor of 624 and 25168.
208
Calculate the greatest common divisor of 315 and 1846215.
315
Calculate the greatest common divisor of 100 and 306600.
100
What is the highest common divisor of 1465 and 2245?
5
Calculate the greatest common divisor of 13676 and 39976.
1052
Calculate the highest common factor of 80 and 547184.
16
What is the highest common factor of 1969 and 24523?
179
Calculate the highest common divisor of 286 and 4267978.
286
Calculate the highest common divisor of 1079097 and 2007.
669
What is the highest common factor of 200 and 692600?
200
What is the greatest common factor of 1727 and 7065?
157
Calculate the greatest common divisor of 5 and 1048290.
5
Calculate the greatest common factor of 1149 and 3064.
383
What is the greatest common factor of 139611 and 1345?
269
What is the greatest common divisor of 217 and 81871?
31
What is the greatest common factor of 2895 and 23739?
579
What is the greatest common factor of 25993 and 2618?
187
Calc